134134321 (base 5) to base 15.
-3740e1
What is -60062 (base 11) in base 16?
-1576a
Convert 121303002 (base 4) to base 9.
170846
Convert 71541 (base 10) to base 16.
11775
1000110010100010111000 (base 2) to base 15
307ac4
What is 201561 (base 10) in base 7?
1466433
1031011 (base 5) to base 7
102255
Convert 3646377 (base 8) to base 4.
3310303333
Convert -1c00c9b (base 13) to base 11.
-5271628
-6ac20 (base 14) to base 2
-111111100011011100
Convert 100230032223 (base 4) to base 12.
1570123
What is 13534008 (base 9) in base 11?
3863185
What is -1100010011010100110010 (base 2) in base 11?
-19029a1
What is 11110001001110100000 (base 2) in base 3?
1212012100222
Convert -6361140 (base 9) to base 14.
-649381
What is 13421034 (base 5) in base 14?
38890
Convert -3aa74 (base 13) to base 6.
-2202354
What is 2256075 (base 9) in base 4?
10221122303
Convert -877342 (base 9) to base 15.
-a5288
What is 35233023 (base 6) in base 13?
2c3778
-21223022231 (base 4) to base 7
-30361622
Convert 1030441 (base 7) to base 16.
1e895
What is 2203031 (base 6) in base 8?
325733
What is -210303023320 (base 4) in base 6?
-542433144
21310054 (base 6) to base 8
2320622
What is 13c5b41 (base 13) in base 9?
12755827
Convert -2983df (base 16) to base 6.
-134151555
Convert -8aab2 (base 13) to base 16.
-3d985
What is 339b (base 14) in base 7?
35054
Convert 974aa (base 11) to base 13.
4c653
What is -1001110100000101011 (base 2) in base 6?
-10520443
6aaa81 (base 16) to base 5
3242143330
1006a50 (base 11) to base 5
423441222
What is -11011110111101100010111 (base 2) in base 14?
-d82779
Convert 630315 (base 7) to base 15.
220d9
Convert -5000341 (base 6) to base 8.
-707705
What is -1caae6 (base 15) in base 6?
-50023443
What is -8662a (base 12) in base 15?
-37754
Convert -20220012 (base 4) to base 9.
-53420
-14167c (base 13) to base 14
-ca21d
What is 554105 (base 10) in base 16?
87479
Convert a65a43 (base 15) to base 5.
4011313223
-208235 (base 11) to base 3
-121220211110
What is -6743162 (base 10) in base 5?
-3211240122
Convert 23442a (base 11) to base 14.
9973b
What is 1035a8 (base 13) in base 5?
44110432
What is -210065 (base 9) in base 2?
-11110011100101110
What is 245055 (base 8) in base 13?
2c61c
What is 11101110110100101111 (base 2) in base 16?
eed2f
What is -1b702 (base 16) in base 11?
-7748a
What is -1443327 (base 8) in base 3?
-202220021020
1321010020 (base 4) to base 11
309620
Convert -22202101001010 (base 3) to base 10.
-4652508
What is 1c0216 (base 16) in base 13?
4c3627
What is -356314 (base 9) in base 13?
-76894
Convert -18365 (base 15) to base 16.
-1323b
57188 (base 11) to base 9
135442
What is 255083 (base 12) in base 10?
610083
Convert 101011110100111001100 (base 2) to base 10.
1436108
Convert -136005005 (base 7) to base 2.
-100010000111010111000100
What is 1745013 (base 8) in base 6?
14535151
Convert 310655 (base 7) to base 4.
30332210
44b88c (base 14) to base 11
1356777
3843 (base 9) to base 7
11244
Convert 49a250 (base 11) to base 6.
24531244
What is 2386b6 (base 15) in base 8?
6366512
What is 60306501 (base 8) in base 5?
11221401414
What is 80a35 (base 11) in base 2?
11100111001101000
-42903 (base 11) to base 8
-171556
What is -1041001211 (base 5) in base 9?
-4256473
10233212220 (base 4) to base 8
4574650
Convert -33435310 (base 6) to base 5.
-230002322
What is -51058 (base 14) in base 11?
-123484
Convert 101100010101011101011000 (base 2) to base 5.
10433402412
Convert -632aaa (base 11) to base 3.
-1220112020202
Convert c33d2 (base 16) to base 5.
201042243
What is 124142 (base 9) in base 5?
4401311
What is -45c14a (base 15) in base 9?
-6236757
2210102220211 (base 3) to base 5
340004124
-510a2 (base 15) to base 5
-31203102
Convert 4bbc8 (base 16) to base 4.
1023233020
-2200112310 (base 4) to base 3
-1020100222200
What is 17571488 (base 9) in base 2?
100001101111100000110001
Convert -100142502 (base 7) to base 15.
-7962d0
-278290 (base 10) to base 8
-1037422
What is 27877 (base 9) in base 5?
1101233
Convert -862a5a (base 12) to base 8.
-10054546
1735406 (base 9) to base 6
32431310
What is 1104681 (base 9) in base 10?
593965
-1000001110110010011000 (base 2) to base 13
-5a7176
-21342141 (base 5) to base 10
-184046
What is -8941947 (base 10) in base 15?
-bb96ec
What is -13264162 (base 7) in base 16?
-12b4f7
What is -3a07b (base 12) in base 3?
-11001011112
-11231210311 (base 5) to base 10
-12756956
212212131312 (base 4) to base 14
14b599c
Convert 10011001000111000001 (base 2) to base 15.
c5c42
-61600 (base 7) to base 2
-11101011000011
What is 207100 (base 13) in base 16?
b9176
1ab7506 (base 13) to base 3
121200122112201
2020764 (base 8) to base 7
4346610
What is -d753 (base 14) in base 5?
-2141432
What is 5264 (base 14) in base 15?
431a
Convert 10ba24 (base 13) to base 7.
3242650
21301410 (base 5) to base 9
305844
What is -143314 (base 9) in base 2?
-10101011010111000
Convert 1432577 (base 8) to base 9.
680153
Convert 232030121 (base 4) to base 8.
561431
What is -40d8 (base 15) in base 2?
-11010110000111
What is 1216305 (base 8) in base 9?
560532
-1645713 (base 8) to base 4
-1310233023
Convert -163242 (base 11) to base 16.
-3dcfa
243103340 (base 5) to base 14
21adc0
-10100101100111101111100 (base 2) to base 6
-312153152
770054 (base 9) to base 13
1310b3
What is -224020300 (base 6) in base 15?
-5624a3
9c2462 (base 13) to base 11
209aa99
44126 (base 11) to base 3
10020211202
-171b3b (base 15) to base 5
-241312111
Convert 3746070 (base 10) to base 16.
392916
What is 20ca51 (base 14) in base 11?
699463
122301103 (base 4) to base 5
12002101
56676b (base 12) to base 8
5207303
-133504543 (base 6) to base 15
-384c13
5129f (base 16) to base 5
41114242
Convert 110010001111110101 (base 2) to base 4.
302033311
110101212120221 (base 3) to base 7
110011450
-110110001000 (base 2) to base 5
-102324
What is 10001100011111001000101 (base 2) in base 13?
c52455
10022110221222 (base 3) to base 4
12231333110
-142434012 (base 5) to base 15
-ec007
Convert -c7a18 (base 15) to base 7.
-5245433
2e14ad (base 15) to base 8
10407202
2255330 (base 7) to base 10
282800
-20000122102 (base 3) to base 12
-58748
What is -100202020001221 (base 3) in base 5?
-2311243210
What is f6b52 (base 16) in base 6?
33354150
Convert 157a652 (base 11) to base 6.
133421232
Convert 110021321102 (base 4) to base 8.
24117122
Convert -5112163 (base 7) to base 15.
-c033d
Convert 1010121121 (base 4) to base 13.
9a693
Convert 1b319 (base 13) to base 6.
1050321
Convert 300110311133 (base 4) to base 10.
12668255
What is -b648 (base 14) in base 2?
-111101011000000
3603174 (base 8) to base 13
286282
Convert 77043 (base 9) to base 8.
143575
-3760853 (base 9) to base 10
-2047728
What is 1153253415 (base 6) in base 9?
27051282
Convert 34312302 (base 5) to base 3.
120121101212
-101110211202220 (base 3) to base 15
-74e823
Convert 100011110111011111010000 (base 2) to base 9.
18620502
Convert -245b7 (base 14) to base 4.
-111231311
What is 123683 (base 9) in base 13?
28140
-1052532 (base 11) to base 8
-7031404
What is -43111101 (base 5) in base 10?
-363276
Convert 754744 (base 8) to base 15.
4ebad
-519097 (base 11) to base 7
-10033413
171233 (base 9) to base 13
3927c
Convert 17a9c2 (base 13) to base 3.
1010020000012
What is 2011111000102 (base 3) in base 8?
4310176
2001287 (base 11) to base 3
20200002112112
What is 2842b0 (base 16) in base 3?
11222001100200
Convert -25414 (base 12) to base 2.
-1100011000010000
12615d (base 14) to base 2
10011010001001100111
What is 13554535 (base 6) in base 15?
9328b
Convert -131d56 (base 15) to base 5.
-213331011
What is 123077 (base 9) in base 8?
221274
What is 91571 (base 12) in base 8?
561345
Convert -597145 (base 10) to base 6.
-20444321
-121110020101022 (base 3) to base 4
-201112233200
-1000001111 (base 4) to base 8
-1000125
Convert 4200443 (base 6) to base 11.
129032
188a768 (base 11) to base 16
30b220
-455927 (base 11) to base 4
-2301002332
What is -4684661 (base 9) in base 3?
-11202211202001
-100101001000100111 (base 2) to base 16
-25227
What is 16015120 (base 8) in base 13?
9b96c1
223103130 (base 4) to base 16
2b4dc
What is -332447 (base 13) in base 15?
-18be2b
What is -1a9bd6 (base 14) in base 11?
-59901a
What is -14375 (base 15) in base 5?
-4034120
11000010111011100 (base 2) to base 6
2050020
23